ppose -5*o = -71 + 21. Let d(q) = -q**3 + 10*q**2 + q - 7. Let w be d(o). Let g(b) = b**2 - 3*b + 3. Calculate g(w).
3
Let m(f) = f**3 - 2*f**2 - 2*f + 2. Let i be m(2). Let z be (1 - i)*(2 - 4). Let a(t) = t + 6. What is a(z)?
0
Suppose 1 = -14*t + 29. Let x(w) = -3*w - 2. Calculate x(t).
-8
Let d(s) = s**3 + 6*s**2 + 7*s + 5. Let o(y) = -2*y**2 - 3*y - 3. Let j be o(-2). Calculate d(j).
-5
Let z(d) = -d**3 + 4*d**2 - 3*d + 6. Let y(k) = k + 12. Let s be y(-8). Determine z(s).
-6
Let f(b) = 1912*b - b**2 + 4 - 1911*b - 3. Calculate f(-5).
-29
Suppose -6*b + 5*b - 5 = 2*q, -2*b - 2*q = 6. Let t(o) be the first derivative of o**3/3 + o**2 + o + 1. What is t(b)?
0
Let c(o) = o**3 - o - 1. Let m(a) = 3 - 4 + a - 1 - 3*a**3. Let g(u) = -c(u) + m(u). Let p be (-1 + 2)*(3 + -7 - -5). Calculate g(p).
-3
Let d be (-105)/33 + (-4)/(-22). Let g(a) = a**3 + 4*a**2 - 1. Give g(d).
8
Let s(z) be the third derivative of z**5/30 - z**4/24 - 16*z**2 + 1. Give s(1).
1
Let y(x) = 4*x - 1. Let f be y(1). Let r(z) = -2*z**3 + 3 - 3*z + 3*z**2 - z**f - z + 4*z**3. Give r(-4).
3
Let t(g) = g**2 + 6*g - 5. Let m(r) = -r**2 + 8*r + 3. Let n be m(9). What is t(n)?
-5
Let b(h) = 4*h**3 + 2*h**2 - h + 4. Let p(d) = -3*d**3 - d**2 + 2*d - 3. Let a(g) = -2*b(g) - 3*p(g). What is a(3)?
7
Let a(j) = 5*j**3 - 6*j**2 + 6*j - 3. Let x(d) = 4*d**3 - 6*d**2 + 6*d - 2. Let h(z) = -5*a(z) + 6*x(z). Calculate h(-7).
10
Suppose -2*g + 18 = 6. Suppose -t = -0*t - g. Let d(b) = -b + 11. Give d(t).
5
Let r(n) be the second derivative of -2*n**5/5 + n**3/6 - n**2/2 + n. Let k(m) = -2*m**2 - 6*m - 3. Let l be k(-2). What is r(l)?
-8
Let h be (-6)/5*(-30)/6. Let o(s) = s**3 - 6*s**2 - 2*s + 6. Give o(h).
-6
Let m be (-3)/(6/2)*-3. Suppose m*w - 5*r + 140 = 7*w, -4*r = -16. Suppose -4*s + w = 6. Let l(c) = -c**3 + 6*c**2 + c - 1. Give l(s).
5
Suppose 0 = o + 5 - 1. Let r(a) = a**2 + 6*a + 4. What is r(o)?
-4
Suppose -15 - 13 = -4*k. Let g be k/(0 + 3/3). Let i(o) = -3*o - o**2 + 2*o + g*o - 1. Determine i(5).
4
Let f(z) = -z**2 + 10*z + 5. Let k(b) = -2*b**2 + 19*b + 9. Let q(g) = -11*f(g) + 6*k(g). Suppose 12 = 5*y - 13. Give q(y).
-6
Let l(s) be the third derivative of s**6/360 + s**5/24 - s**4/8 + s**3/6 + 5*s**2. Let w(h) be the first derivative of l(h). Determine w(-3).
-9
Let k(i) = i**3 - 9*i**2 - 11*i + 12. Let g be (4*(-5)/3)/((-8)/12). Determine k(g).
2
Let w(l) = -l - 2. Let y(q) = -q**2 - q + 5. Let x be y(0). What is w(x)?
-7
Let v be (-12 - -4)*2/4. Let h be 1 + 4*(-3)/v. Let a(q) = -3*q**2 + 2*q. Let w(u) = -4*u**2 + u - 1. Let i(m) = h*w(m) - 5*a(m). Calculate i(-6).
-4
Let h(l) = 0 - 6*l + 0*l + 4 + 5*l. Give h(0).
4
Let f(h) = -h**3 + 4*h**2 + 1 + 19*h + 0*h**2 - 13*h. Give f(5).
6
Let y be ((-10)/(-4))/(1/2). Let b(w) = -3*w**3 + 29*w**2 - 26*w + 11. Let k(h) = -h**3 + 10*h**2 - 9*h + 4. Let j(i) = -4*b(i) + 11*k(i). What is j(y)?
0
Let k be 4/(-2) - 20/(-2). Let l = -4 + k. Let d(y) = 0 + 2 + y - l. Determine d(4).
2
Let c(r) = 3*r - 4. Let o(g) be the first derivative of -2*g**2 + 5*g + 1. Let q be 3/(-6) + 7/(-2). Let p(t) = q*o(t) - 5*c(t). Give p(4).
4
Let m(k) be the third derivative of -k**6/120 + k**5/60 - 8*k**3/3 + 7*k**2. Calculate m(0).
-16
Suppose -4*b - 9 + 21 = z, -2*z = 2*b - 12. Let d(x) = -z + 7*x + x**2 - 6*x + 2 + x**2 - x**3. Calculate d(2).
0
Let m(s) be the second derivative of -5/6*s**3 + 0 + 6*s - 3/2*s**2 - 1/12*s**4. Determine m(-4).
1
Let b(k) = -3*k**3 + 3*k**2. Let y be (0 - -2)/(-3 - -4). What is b(y)?
-12
Let l be (-54)/10 + (-18)/30. Let w(a) = a**3 + 5*a**2 - 7*a - 4. Give w(l).
2
Let t(q) = 3*q**3 - 5*q**2 + q + 2. Let k(p) be the third derivative of p**6/120 - p**5/60 + p**4/24 + p**3/6 + p**2. Let m(d) = -2*k(d) + t(d). What is m(3)?
-3
Let l(t) be the second derivative of -t**3/3 + t**2 + t. Suppose 3*q + g = 22, -5*q - g + 39 = -1. Suppose -2*b - b = q. Determine l(b).
8
Let q = -2 + 3. Let i(r) = 6*r. Let u be i(q). Let s(y) = 1 - 9*y**2 + 0 + y**3 - 3 + u*y**2. Calculate s(3).
-2
Let f(t) = 9*t**3 + t - 1. Let g(v) = v**2 + 3*v + 1. Let a be g(-3). Determine f(a).
9
Let i = 8 + -6. Let d(n) = i*n + 3*n - 8*n + n. Suppose -3*q + 16 = -7*q. Give d(q).
8
Let b(i) = -i - 9. Let p be 6/(-36)*3*16. Calculate b(p).
-1
Let t(k) = 3*k**2 + 1. Let h = -5 + 7. Let v = 1 - h. Calculate t(v).
4
Let h(j) be the second derivative of j**3/2 - j**2 - 4*j. Let n be (12/15)/2*-5. Calculate h(n).
-8
Let j(m) be the first derivative of 1/2*m**2 - m - 4/3*m**3 - 4. Let n(u) = u - 3. Let p be n(4). Calculate j(p).
-4
Let t = 188 - 184. Let y(l) = l**3 - 5*l**2 + 5*l + 4. What is y(t)?
8
Suppose 5*h = 16 - 6. Suppose a - h*a = 4. Let p(f) = 2*f + 5. Calculate p(a).
-3
Suppose -5*z = 5, -4*t - 7 = -4*z - z. Let y = -1 - t. Let h(n) be the second derivative of n**3/3 + n**2 - 5*n. Give h(y).
6
Let k be (-2)/(-4) - (-395)/10. Suppose -h - 3*n - 20 = 2*n, -4*n - k = -4*h. Suppose h*d - 2*d = 6. Let a(i) = -i**3 + i**2 - i - 2. What is a(d)?
-8
Let z(f) = 5*f**2 + 21*f - 3. Let u(l) = 3*l**2 + 14*l - 2. Let s(y) = -8*u(y) + 5*z(y). Calculate s(5).
-9
Suppose -5*l = -23 + 3. Let p(b) = 4 - 3 + 3*b - 2 - l*b. What is p(1)?
-2
Suppose -m + 4*c + 5 + 1 = 0, -2*c = -2*m + 12. Let j(w) = -w**3 + 5*w**2 + 7*w - 6. Calculate j(m).
0
Suppose 30 = -5*f - 5*f. Let y(s) = s**3 + 3*s**2 - s + 1. Determine y(f).
4
Let h(o) = 6 + 13*o + 12*o + 6*o - o**3 - 6*o**2 - 33*o. Calculate h(-5).
-9
Let s be (5/(-3) - -2)*3. Let i(n) = 4*n - 6*n + 4 - 4 + s. Give i(6).
-11
Let f = 21 + -24. Let q be (f - -7)*6/(-4). Let g(k) = -k**2 - 7*k - 1. Give g(q).
5
Let d be (-6)/4 + 4/8. Let j(k) = -k**3 + k + 1. Let q(m) = -12*m**3 + 4*m + 5. Let p(n) = d*q(n) + 4*j(n). Determine p(1).
7
Suppose -8 = -q + 3*q - 2*b, 10 = -5*q + 3*b. Let n(l) = 6*l**3. What is n(q)?
6
Let b(f) = f**3 - 2*f + 1. Let s = -6 + 7. Suppose -2 + s = -m. What is b(m)?
0
Let s(k) be the first derivative of -2*k**3/3 + 3*k**2/2 - 3*k + 1. Let r = 37 - 35. Calculate s(r).
-5
Let l be (-20)/(-15) + 2/3. Let g(y) be the second derivative of 0 + 3/2*y**l - y + 1/2*y**3. Give g(-2).
-3
Let u(o) be the third derivative of -o**4/24 - o**3/6 - o**2. Suppose 5*f = 5, 2*z + 5*f - 3 = z. Determine u(z).
1
Let v(q) = -10*q**3 - 7*q**2 + 7*q. Let x(s) = 3*s**3 + 2*s**2 - 2*s. Let m(i) = 2*v(i) + 7*x(i). Suppose -c = -2 - 0. Let w be ((-1)/c)/(1/2). Give m(w).
-1
Suppose -2*b - 13 = 3*h, 0*h - 4 = -h + b. Let m(o) be the third derivative of o**5/15 + o**4/24 + o**3/6 - o**2. What is m(h)?
4
Let f be (4 - (-38)/(-10))*5. Let n(p) = -6*p**3 + 2*p**2 - 1. Give n(f).
-5
Let v(x) be the third derivative of -x**4/24 + x**3/3 + 2*x**2. Let q(l) = -l**2 - 5*l + 1. Let p be q(-6). Let c be (p - -2)*4/(-3). Determine v(c).
-2
Let y(h) = -h**2 + 3*h - 5. Let v(g) = -5*g**2 + 14*g - 25. Let t(x) = 2*v(x) - 11*y(x). Determine t(4).
1
Let j(f) = -5*f. Let n = -20 + 14. Let s = 4 + n. Determine j(s).
10
Let v be (-8)/(-20)*(-15)/(-2). Let f(n) be the first derivative of 0*n - 4 - 3/2*n**2 + 1/3*n**v. Give f(3).
0
Let v(g) = -15 - g + 30 - 18. Let c(t) = 7 - 2*t**2 + 0*t**3 + t**3 + 4*t - 5*t**2. Let n be c(6). Determine v(n).
2
Let d(y) = 5 - 2 + y - 2*y. Calculate d(7).
-4
Let j(m) be the third derivative of -m**4/24 - m**3/6 - m**2. Let p = -12 - -24. Suppose -3*t + 7*t - p = 0. Determine j(t).
-4
Let j(d) be the second derivative of 2*d + 1/6*d**3 - d**2 + 0. Give j(-5).
-7
Let g(l) = 1. Let d(a) be the second derivative of 1/2*a**2 + 0 + 2*a + 1/2*a**3. Let v(k) = -d(k) + 2*g(k). Determine v(1).
-2
Let k(a) = 7*a**3 + 9*a**2 - 8*a - 4. Let f(s) = s**3 + s**2 - s - 1. Let j(n) = 6*f(n) - k(n). Calculate j(-3).
-8
Let b(t) = -3*t - 3 + 8*t - 4*t. Give b(2).
-1
Let c(p) = -p - 3. Let m be c(-7). Suppose 0*k = -k - m. Let g(x) = -2*x**2 - 7*x - 4. Calculate g(k).
-8
Let j(p) = -2*p - 4*p**2 - 3*p**2 - 13 - 3*p**2 - p**3. Let d be j(-10). Let h(w) = -2 - d*w + w + 3. What is h(-1)?
7
Let x = 7 + -5. Suppose 4*b - 3*b = -x. Let m(s) = -4*s - 3. Let a(r) = r**2 - 17*r - 13. Let v(y) = 2*a(y) - 9*m(y). Give v(b).
5
Let l be 2 + 0*(1 - 0). Suppose -j + y + 6 = -l*y, 0 = -4*j - 5*y + 7. Let h(b) = -2*b - 5*b**2 + b**3 + 2*b**2 + j*b - 1. What is h(3)?
2
Let p(h) = 3*h + 17. Let o(f) = f + 6. Let k(w) = 8*o(w) - 3*p(w). Determine k(5).
-8
Suppose 